{"id":6,"date":"2025-11-14T20:25:11","date_gmt":"2025-11-14T20:25:11","guid":{"rendered":"https:\/\/stockholmsupplevelser.se\/?page_id=6"},"modified":"2025-11-14T20:27:09","modified_gmt":"2025-11-14T20:27:09","slug":"stockholms-upplevelser-det-basta-att-gora-i-stockholm","status":"publish","type":"page","link":"https:\/\/stockholmsupplevelser.se\/","title":{"rendered":"Stockholms Upplevelser \u2013 Det B\u00e4sta att G\u00f6ra i Stockholm"},"content":{"rendered":"\t\t<div data-elementor-type=\"wp-post\" data-elementor-id=\"6\" class=\"elementor elementor-6\">\n\t\t\t\t<div class=\"elementor-element elementor-element-74ed93ae e-flex e-con-boxed e-con e-parent\" data-id=\"74ed93ae\" data-element_type=\"container\" data-settings=\"{&quot;background_background&quot;:&quot;classic&quot;}\">\n\t\t\t\t\t<div class=\"e-con-inner\">\n\t\t\t\t<div class=\"elementor-element elementor-element-2d9205c3 elementor-widget elementor-widget-heading\" data-id=\"2d9205c3\" data-element_type=\"widget\" data-widget_type=\"heading.default\">\n\t\t\t\t\t<h1 class=\"elementor-heading-title elementor-size-default\">Stockholms Upplevelser \u2013 Det B\u00e4sta att G\u00f6ra i Stockholm<\/h1>\t\t\t\t<\/div>\n\t\t\t\t<div class=\"elementor-element elementor-element-597415f3 elementor-widget elementor-widget-text-editor\" data-id=\"597415f3\" data-element_type=\"widget\" data-widget_type=\"text-editor.default\">\n\t\t\t\t\t\t\t\t\t<p>Uppt\u00e4ck aktiviteter, restauranger, sev\u00e4rdheter och unika upplevelser i Stockholm. En komplett guide f\u00f6r b\u00e5de turister och locals.<\/p>\t\t\t\t\t\t\t\t<\/div>\n\t\t\t\t<div class=\"elementor-element elementor-element-657b1964 elementor-widget elementor-widget-text-editor\" data-id=\"657b1964\" data-element_type=\"widget\" data-widget_type=\"text-editor.default\">\n\t\t\t\t\t\t\t\t\t<p data-start=\"247\" data-end=\"387\"><strong data-start=\"247\" data-end=\"275\">Want to buy this domain?<\/strong><br data-start=\"275\" data-end=\"278\" \/>Email me at <strong><a class=\"decorated-link cursor-pointer\" href=\"mailto:info@beastproductions.se\" rel=\"noopener\" data-start=\"292\" data-end=\"316\">info@beastproductions.se<\/a><\/strong> and I\u2019ll get back to you with pricing, availability, and next steps.<\/p>\t\t\t\t\t\t\t\t<\/div>\n\t\t\t\t<div class=\"elementor-element elementor-element-1a8780e3 elementor-widget elementor-widget-text-editor\" data-id=\"1a8780e3\" data-element_type=\"widget\" data-widget_type=\"text-editor.default\">\n\t\t\t\t\t\t\t\t\t<p>website owned by <a href=\"http:\/\/beastproductions.se\">www.beastproductions.se<\/a><\/p>\t\t\t\t\t\t\t\t<\/div>\n\t\t\t\t\t<\/div>\n\t\t\t\t<\/div>\n\t\t\t\t<\/div>\n\t\t","protected":false},"excerpt":{"rendered":"<p>Stockholms Upplevelser \u2013 Det B\u00e4sta att G\u00f6ra i Stockholm Uppt\u00e4ck aktiviteter, restauranger, sev\u00e4rdheter och unika upplevelser i Stockholm. En komplett guide f\u00f6r b\u00e5de turister och locals. Want to buy this domain?Email me at info@beastproductions.se and I\u2019ll get back to you with pricing, availability, and next steps. website owned by www.beastproductions.se<\/p>\n","protected":false},"author":1,"featured_media":0,"parent":0,"menu_order":0,"comment_status":"closed","ping_status":"closed","template":"elementor_canvas","meta":{"footnotes":""},"class_list":["post-6","page","type-page","status-publish","hentry"],"_links":{"self":[{"href":"https:\/\/stockholmsupplevelser.se\/index.php?rest_route=\/wp\/v2\/pages\/6","targetHints":{"allow":["GET"]}}],"collection":[{"href":"https:\/\/stockholmsupplevelser.se\/index.php?rest_route=\/wp\/v2\/pages"}],"about":[{"href":"https:\/\/stockholmsupplevelser.se\/index.php?rest_route=\/wp\/v2\/types\/page"}],"author":[{"embeddable":true,"href":"https:\/\/stockholmsupplevelser.se\/index.php?rest_route=\/wp\/v2\/users\/1"}],"replies":[{"embeddable":true,"href":"https:\/\/stockholmsupplevelser.se\/index.php?rest_route=%2Fwp%2Fv2%2Fcomments&post=6"}],"version-history":[{"count":4,"href":"https:\/\/stockholmsupplevelser.se\/index.php?rest_route=\/wp\/v2\/pages\/6\/revisions"}],"predecessor-version":[{"id":14,"href":"https:\/\/stockholmsupplevelser.se\/index.php?rest_route=\/wp\/v2\/pages\/6\/revisions\/14"}],"wp:attachment":[{"href":"https:\/\/stockholmsupplevelser.se\/index.php?rest_route=%2Fwp%2Fv2%2Fmedia&parent=6"}],"curies":[{"name":"wp","href":"https:\/\/api.w.org\/{rel}","templated":true}]}}